615 (base 13) to base 9
1041808
-2333121021 (base 4) to base 10
-783945
Convert 332077 (base 9) to base 6.
4130154
5583b3 (base 16) to base 3
101112201121202
Convert 7aa24 (base 11) to base 4.
130210221
What is -11212111102010 (base 3) in base 6?
-131250350
What is -1b44b99 (base 12) in base 9?
-11842230
Convert 300302 (base 7) to base 14.
14602
Convert 607182 (base 12) to base 13.
409238
What is 246616 (base 12) in base 11?
374743
What is 23001012 (base 5) in base 10?
203257
What is 10643351 (base 8) in base 2?
1000110100011011101001
Convert -63414 (base 16) to base 14.
-a8232
-4bab0 (base 12) to base 16
-19464
2242214 (base 9) to base 8
4471031
194839 (base 11) to base 16
49092
What is 1a074c (base 13) in base 6?
22034554
What is -10100022010000 (base 3) in base 8?
-6617347
Convert -1541764 (base 13) to base 14.
-c906c4
Convert -1333405 (base 11) to base 7.
-25401430
What is -155561 (base 8) in base 4?
-31231301
-141340534 (base 6) to base 15
-3bbb8a
What is -542bcb (base 14) in base 3?
-12100211022001
Convert -aa1150 (base 11) to base 5.
-422232202
124303 (base 11) to base 6
4111303
-6071 (base 11) to base 16
-1f80
117685 (base 10) to base 16
1cbb5
82140 (base 15) to base 11
261628
-646363 (base 7) to base 10
-112696
Convert -1243632 (base 7) to base 2.
-100111100110100101
What is -522445 (base 9) in base 6?
-10352022
Convert 100001000010000101100 (base 2) to base 13.
2bb8a6
-11111122201110 (base 3) to base 15
-324776
What is 3683358 (base 9) in base 8?
7511204
Convert 1010011011000010000101 (base 2) to base 11.
15a6797
-2220c (base 14) to base 15
-1979e
113023 (base 5) to base 16
102a
-12101230323 (base 4) to base 9
-3077020
What is 3998a5 (base 14) in base 10?
1985625
1011100011001001110101 (base 2) to base 3
12200211001100
What is 31a6a5 (base 11) in base 6?
14550041
2403305 (base 8) to base 13
1a0118
What is b851 (base 13) in base 9?
38077
What is 1201332212 (base 4) in base 11?
254575
-2122011 (base 7) to base 10
-257601
-2020312 (base 5) to base 3
-1122200202
32013233223 (base 4) to base 9
6861743
Convert 12202201221 (base 3) to base 5.
12113113
What is 1458217 (base 10) in base 13?
3c0967
-100c85c (base 14) to base 12
-264946a
-82881 (base 9) to base 13
-1bb62
Convert 102525421 (base 7) to base 12.
205897a
What is 25821 (base 15) in base 14?
31a04
-2111306 (base 8) to base 14
-108a90
Convert 546b30 (base 12) to base 4.
11012323110
Convert 5cca60 (base 13) to base 12.
8b4b69
23015247 (base 8) to base 16
4c1aa7
Convert -1455c64 (base 14) to base 16.
-96e530
4210043 (base 5) to base 12
341b2
143a0a6 (base 15) to base 5
12220121111
What is 200202110212 (base 3) in base 12?
159805
10120332100 (base 4) to base 13
313ab0
What is 70406 (base 8) in base 3?
1110200122
What is -1522503 (base 6) in base 8?
-255247
What is 1ab5670 (base 12) in base 7?
66360012
Convert -21101210100 (base 3) to base 16.
-238ef
What is a5d04 (base 15) in base 6?
15135234
200231320111 (base 4) to base 14
11d37b7
Convert 1e198 (base 15) to base 3.
11222202122
What is -113032331 (base 4) in base 9?
-154478
What is 313a94 (base 11) in base 4?
1322310330
-3324d (base 14) to base 13
-4454c
-2775058 (base 9) to base 13
-415691
23103331 (base 4) to base 5
2440313
What is -123301313 (base 4) in base 10?
-113783
Convert 5053c7 (base 16) to base 6.
304455515
Convert 1131311203 (base 5) to base 13.
7022b2
What is 1000010010000111 (base 2) in base 8?
102207
What is -10300250 (base 7) in base 12?
-361a15
Convert 11101321340 (base 5) to base 9.
24746222
Convert -2a0722 (base 15) to base 16.
-1eec6f
Convert 617961 (base 10) to base 5.
124233321
What is 1ebf3 (base 16) in base 10?
125939
221233202 (base 4) to base 8
515742
What is 1a58e (base 15) in base 2?
10100111010000010
-2200022201 (base 3) to base 13
-1acc8
What is 66563421 (base 7) in base 6?
323101413
Convert -4521275 (base 9) to base 11.
-1413579
Convert 54702 (base 10) to base 16.
d5ae
Convert 130657 (base 9) to base 4.
103112212
93c103 (base 13) to base 15
483571
Convert -1111011011010010001 (base 2) to base 6.
-14500121
Convert 1100111011011110011100 (base 2) to base 4.
30323132130
What is 21100222102021 (base 3) in base 15?
525697
What is 320ba0 (base 12) in base 10?
789672
1282594 (base 10) to base 5
312020334
What is -3b04a9 (base 12) in base 5?
-222202142
What is 10011010101011101011111 (base 2) in base 14?
95d259
Convert 1210100110010 (base 3) to base 16.
e8578
-221000000 (base 3) to base 10
-18225
Convert 3226308 (base 12) to base 16.
911438
21636004 (base 8) to base 3
22210011212110
1334113000 (base 5) to base 14
652784
13024114 (base 6) to base 5
102022111
What is -22022122121 (base 3) in base 16?
-27fbb
Convert 457518 (base 9) to base 4.
1003001132
Convert -151324 (base 7) to base 3.
-1111012221
Convert cbb4c (base 16) to base 5.
203200010
-359368 (base 13) to base 3
-2101212210011
Convert -13992 (base 13) to base 5.
-2134132
What is -203201024 (base 5) in base 6?
-25515254
Convert -3b2879 (base 12) to base 4.
-3233011131
-54123513 (base 7) to base 10
-4611204
Convert 12408 (base 10) to base 14.
4744
-197ab (base 16) to base 15
-20dc8
3036414 (base 9) to base 11
a06191
Convert -1147212 (base 8) to base 6.
-10430230
Convert 262ec1 (base 16) to base 10.
2502337
What is -85b40 (base 13) in base 8?
-727350
89488 (base 16) to base 11
354523
Convert -2310220132 (base 4) to base 5.
-142133440
44c3e (base 15) to base 3
102010002012
8777 (base 16) to base 10
34679
7186a49 (base 11) to base 16
c19be3
What is -100020221111 (base 3) in base 14?
-4a58d
Convert -2bd2d (base 14) to base 16.
-1ac25
-3205768 (base 10) to base 3
-20000212111011
3073719 (base 10) to base 15
40aae9
Convert -112100120022 (base 3) to base 6.
-10020012
Convert -40d7b (base 15) to base 10.
-205541
Convert -3332114300 (base 5) to base 14.
-d80b04
1333310 (base 6) to base 11
5108a
Convert 1000001100110100 (base 2) to base 9.
51060
Convert 22524200 (base 6) to base 11.
435677
What is 173508 (base 16) in base 15?
200989
243a37a (base 13) to base 16
ab9dcb
Convert -478b (base 15) to base 2.
-11101101100110
1102110220002 (base 3) to base 7
6303011
What is 5323043 (base 6) in base 9?
435430
Convert 8978768 (base 10) to base 13.
1b24aa6
43248 (base 10) to base 12
21040
-2000212121202 (base 3) to base 4
-10013230211
What is -1878472 (base 11) in base 10?
-3173667
-141334333 (base 5) to base 2
-10110010010111100001
What is 11b47 (base 15) in base 11?
39532
Convert 10101111001011101101010 (base 2) to base 7.
66535562
What is c93db (base 14) in base 8?
1666105
Convert ebed80 (base 15) to base 7.
164345034
-321345211 (base 6) to base 16
-569827
-6d489 (base 16) to base 14
-b91b3
Convert -212121212020 (base 3) to base 13.
-133863
194722 (base 14) to base 4
3122233022
-3b845 (base 14) to base 5
-14201221
What is 44101555 (base 6) in base 12?
5348bb
-26027241 (base 8) to base 9
-11777387
3438411 (base 9) to base 3
10111022110101
What is -308283 (base 9) in base 2?
-101100101110110000
600c63 (base 14) to base 15
43bcc3
Convert 118d1 (base 15) to base 8.
155274
What is 1261514 (base 11) in base 12?
8936b0
What is -1d7178 (base 14) in base 13?
-2accbb
What is 388231 (base 11) in base 2?
10010101001110000101
What is -b54e0 (base 16) in base 8?
-2652340
What is -d3ea6 (base 15) in base 6?
-22221020
Convert 51980 (base 12) to base 5.
11404200
-1538655 (base 10) to base 11
-961018
What is 5a8347 (base 15) in base 13?
b88358
-149774 (base 10) to base 9
-247405
What is 441155 (base 7) in base 4?
102313100
Convert -131202331 (base 5) to base 9.
-1185728
167b0a (base 13) to base 4
2020230203
-942296 (base 11) to base 4
-11300321320
Convert 196a01 (base 11) to base 8.
1115701
-1401061 (base 9) to base 11
-485365
-12010212010 (base 3) to base 14
-28c66
-36771 (base 8) to base 2
-11110111111001
26410 (base 11) to base 3
1220210122
-10021122001122 (base 3) to base 5
-421311131
12222000020102 (base 3) to base 12
1089ba8
243157 (base 13) to base 3
1121212201111
-14143323 (base 8) to base 9
-6011847
What is -325059 (base 11) in base 3?
-222101010221
49871 (base 12) to base 6
2045421
Convert 44ea2f (base 16) to base 14.
857cbd
-50bc5 (base 13) to base 3
-21100122220
What is -3042801 (base 9) in base 7?
-16535554
Convert -1232452342 (base 6) to base 13.
-2ca617c
Convert -115310144 (